{"id":196,"date":"2022-12-26T17:28:00","date_gmt":"2022-12-26T16:28:00","guid":{"rendered":"https:\/\/kaiserstuhl-oase.de\/?page_id=196"},"modified":"2022-12-28T11:44:39","modified_gmt":"2022-12-28T10:44:39","slug":"salatsosse-mit-senf-und-honig","status":"publish","type":"page","link":"https:\/\/kaiserstuhl-oase.de\/?page_id=196","title":{"rendered":"Salatso\u00dfe mit Senf und Honig"},"content":{"rendered":"\n<p class=\"has-text-align-left\"><strong>Zutaten<\/strong><\/p>\n\n\n\n<figure class=\"wp-block-table is-style-stripes\"><table><tbody><tr><td>5 EL<\/td><td>dunklen Balsamico Essig<\/td><\/tr><tr><td>5 EL<\/td><td>Oliven\u00f6l<\/td><\/tr><tr><td>5 EL<\/td><td>Wasser<\/td><\/tr><tr><td>1 TL<\/td><td>Senf<\/td><\/tr><tr><td>1 TL<\/td><td>fl\u00fcssigen Imkerhonig<\/td><\/tr><tr><td><\/td><td>frisch gehackte Kr\u00e4uter wenn vorhanden<br>sonst eine Trockenkr\u00e4utermischung (hier nehme ich eine<br>eigene Mischung aus Rosmarin, Majoran, Estragon, Ysop, Thymian)<\/td><\/tr><tr><td><\/td><td>Salz und frisch gemahlenen Pfeffer<\/td><\/tr><\/tbody><\/table><\/figure>\n\n\n\n<p class=\"has-text-align-left\"><strong>Zubereitung<\/strong><\/p>\n\n\n\n<p>Ganz einfach: alles in ein Glas geben, Deckel drauf und sch\u00fctteln &#8211; fertig :-).<\/p>\n\n\n\n<hr class=\"wp-block-separator\"\/>\n","protected":false},"excerpt":{"rendered":"<p>Zutaten 5 EL dunklen Balsamico Essig 5 EL Oliven\u00f6l 5 EL Wasser 1 TL Senf 1 TL fl\u00fcssigen Imkerhonig frisch gehackte Kr\u00e4uter wenn vorhandensonst eine Trockenkr\u00e4utermischung (hier nehme ich eineeigene Mischung aus Rosmarin, Majoran, Estragon, Ysop, Thymian) Salz und frisch gemahlenen Pfeffer Zubereitung Ganz einfach: alles in ein Glas geben, Deckel drauf und sch\u00fctteln &#8211; &hellip; <\/p>\n<p class=\"link-more\"><a href=\"https:\/\/kaiserstuhl-oase.de\/?page_id=196\" class=\"more-link\"><span class=\"screen-reader-text\">\u201eSalatso\u00dfe mit Senf und Honig\u201c <\/span>weiterlesen<\/a><\/p>\n","protected":false},"author":1,"featured_media":0,"parent":0,"menu_order":0,"comment_status":"closed","ping_status":"closed","template":"","meta":{"footnotes":""},"class_list":["post-196","page","type-page","status-publish","hentry"],"_links":{"self":[{"href":"https:\/\/kaiserstuhl-oase.de\/index.php?rest_route=\/wp\/v2\/pages\/196","targetHints":{"allow":["GET"]}}],"collection":[{"href":"https:\/\/kaiserstuhl-oase.de\/index.php?rest_route=\/wp\/v2\/pages"}],"about":[{"href":"https:\/\/kaiserstuhl-oase.de\/index.php?rest_route=\/wp\/v2\/types\/page"}],"author":[{"embeddable":true,"href":"https:\/\/kaiserstuhl-oase.de\/index.php?rest_route=\/wp\/v2\/users\/1"}],"replies":[{"embeddable":true,"href":"https:\/\/kaiserstuhl-oase.de\/index.php?rest_route=%2Fwp%2Fv2%2Fcomments&post=196"}],"version-history":[{"count":2,"href":"https:\/\/kaiserstuhl-oase.de\/index.php?rest_route=\/wp\/v2\/pages\/196\/revisions"}],"predecessor-version":[{"id":203,"href":"https:\/\/kaiserstuhl-oase.de\/index.php?rest_route=\/wp\/v2\/pages\/196\/revisions\/203"}],"wp:attachment":[{"href":"https:\/\/kaiserstuhl-oase.de\/index.php?rest_route=%2Fwp%2Fv2%2Fmedia&parent=196"}],"curies":[{"name":"wp","href":"https:\/\/api.w.org\/{rel}","templated":true}]}}